{"id":52,"date":"2022-06-20T08:06:55","date_gmt":"2022-06-20T08:06:55","guid":{"rendered":"https:\/\/www.tahsilatlikargo.net\/?page_id=52"},"modified":"2025-10-26T18:34:24","modified_gmt":"2025-10-26T18:34:24","slug":"iletisim","status":"publish","type":"page","link":"https:\/\/www.tahsilatlikargo.net\/?page_id=52","title":{"rendered":"\u0130leti\u015fim"},"content":{"rendered":"\n<p><a href=\"https:\/\/www.tahsilatlikargo.net\/\">www.tahsilatlikargo.net<\/a><\/p>\n\n\n\n<p>Perpa Ticaret Merkezi B Blok \u015ei\u015fli \/ \u0130STANBUL <\/p>\n\n\n\n<p>\u0130leti\u015fim : WhatsApp Destek Hatt\u0131 : 0535 622 47 11<\/p>\n","protected":false},"excerpt":{"rendered":"<p>www.tahsilatlikargo.net Perpa Ticaret Merkezi B Blok \u015ei\u015fli \/ \u0130STANBUL \u0130leti\u015fim : WhatsApp Destek Hatt\u0131 : 0535 622 47 11<\/p>\n","protected":false},"author":1,"featured_media":0,"parent":0,"menu_order":0,"comment_status":"closed","ping_status":"closed","template":"","meta":{"_themeisle_gutenberg_block_has_review":false,"footnotes":""},"class_list":["post-52","page","type-page","status-publish","hentry"],"yoast_head":"<!-- This site is optimized with the Yoast SEO plugin v26.2 - https:\/\/yoast.com\/wordpress\/plugins\/seo\/ -->\n<title>Adres<\/title>\n<meta name=\"description\" content=\"Adres : Perpa Ticaret Merkezi B Blok \u015ei\u015fli \/ \u0130STANBUL \u0130leti\u015fim : WhatsApp Destek Hatt\u0131 : 0535 622 47 11 Web : https:\/\/www.tahsilatlikargo.net\/\" \/>\n<meta name=\"robots\" content=\"index, follow, max-snippet:-1, max-image-preview:large, max-video-preview:-1\" \/>\n<link rel=\"canonical\" href=\"https:\/\/www.tahsilatlikargo.net\/?page_id=52\" \/>\n<meta property=\"og:locale\" content=\"tr_TR\" \/>\n<meta property=\"og:type\" content=\"article\" \/>\n<meta property=\"og:title\" content=\"Adres\" \/>\n<meta property=\"og:description\" content=\"Adres : Perpa Ticaret Merkezi B Blok \u015ei\u015fli \/ \u0130STANBUL \u0130leti\u015fim : WhatsApp Destek Hatt\u0131 : 0535 622 47 11 Web : https:\/\/www.tahsilatlikargo.net\/\" \/>\n<meta property=\"og:url\" content=\"https:\/\/www.tahsilatlikargo.net\/?page_id=52\" \/>\n<meta property=\"og:site_name\" content=\"Kariyer Kargo\" \/>\n<meta property=\"article:modified_time\" content=\"2025-10-26T18:34:24+00:00\" \/>\n<meta property=\"og:image\" content=\"https:\/\/www.tahsilatlikargo.net\/wp-content\/uploads\/2024\/02\/images.jpg\" \/>\n\t<meta property=\"og:image:width\" content=\"290\" \/>\n\t<meta property=\"og:image:height\" content=\"174\" \/>\n\t<meta property=\"og:image:type\" content=\"image\/jpeg\" \/>\n<meta name=\"twitter:card\" content=\"summary_large_image\" \/>\n<meta name=\"twitter:label1\" content=\"Tahmini okuma s\u00fcresi\" \/>\n\t<meta name=\"twitter:data1\" content=\"1 dakika\" \/>\n<script type=\"application\/ld+json\" class=\"yoast-schema-graph\">{\"@context\":\"https:\/\/schema.org\",\"@graph\":[{\"@type\":\"WebPage\",\"@id\":\"https:\/\/www.tahsilatlikargo.net\/?page_id=52\",\"url\":\"https:\/\/www.tahsilatlikargo.net\/?page_id=52\",\"name\":\"Adres\",\"isPartOf\":{\"@id\":\"https:\/\/www.tahsilatlikargo.net\/#website\"},\"datePublished\":\"2022-06-20T08:06:55+00:00\",\"dateModified\":\"2025-10-26T18:34:24+00:00\",\"description\":\"Adres : Perpa Ticaret Merkezi B Blok \u015ei\u015fli \/ \u0130STANBUL \u0130leti\u015fim : WhatsApp Destek Hatt\u0131 : 0535 622 47 11 Web : https:\/\/www.tahsilatlikargo.net\/\",\"breadcrumb\":{\"@id\":\"https:\/\/www.tahsilatlikargo.net\/?page_id=52#breadcrumb\"},\"inLanguage\":\"tr\",\"potentialAction\":[{\"@type\":\"ReadAction\",\"target\":[\"https:\/\/www.tahsilatlikargo.net\/?page_id=52\"]}]},{\"@type\":\"BreadcrumbList\",\"@id\":\"https:\/\/www.tahsilatlikargo.net\/?page_id=52#breadcrumb\",\"itemListElement\":[{\"@type\":\"ListItem\",\"position\":1,\"name\":\"Anasayfa\",\"item\":\"https:\/\/www.tahsilatlikargo.net\/\"},{\"@type\":\"ListItem\",\"position\":2,\"name\":\"\u0130leti\u015fim\"}]},{\"@type\":\"WebSite\",\"@id\":\"https:\/\/www.tahsilatlikargo.net\/#website\",\"url\":\"https:\/\/www.tahsilatlikargo.net\/\",\"name\":\"Arac\u0131 Kargo\",\"description\":\"Arac\u0131 Kargo  | WhatsApp :( 0535 ) 622 47 11 |\",\"publisher\":{\"@id\":\"https:\/\/www.tahsilatlikargo.net\/#organization\"},\"potentialAction\":[{\"@type\":\"SearchAction\",\"target\":{\"@type\":\"EntryPoint\",\"urlTemplate\":\"https:\/\/www.tahsilatlikargo.net\/?s={search_term_string}\"},\"query-input\":{\"@type\":\"PropertyValueSpecification\",\"valueRequired\":true,\"valueName\":\"search_term_string\"}}],\"inLanguage\":\"tr\"},{\"@type\":\"Organization\",\"@id\":\"https:\/\/www.tahsilatlikargo.net\/#organization\",\"name\":\"Arac\u0131 Kargo\",\"url\":\"https:\/\/www.tahsilatlikargo.net\/\",\"logo\":{\"@type\":\"ImageObject\",\"inLanguage\":\"tr\",\"@id\":\"https:\/\/www.tahsilatlikargo.net\/#\/schema\/logo\/image\/\",\"url\":\"\",\"contentUrl\":\"\",\"caption\":\"Arac\u0131 Kargo\"},\"image\":{\"@id\":\"https:\/\/www.tahsilatlikargo.net\/#\/schema\/logo\/image\/\"}}]}<\/script>\n<!-- \/ Yoast SEO plugin. -->","yoast_head_json":{"title":"Adres","description":"Adres : Perpa Ticaret Merkezi B Blok \u015ei\u015fli \/ \u0130STANBUL \u0130leti\u015fim : WhatsApp Destek Hatt\u0131 : 0535 622 47 11 Web : https:\/\/www.tahsilatlikargo.net\/","robots":{"index":"index","follow":"follow","max-snippet":"max-snippet:-1","max-image-preview":"max-image-preview:large","max-video-preview":"max-video-preview:-1"},"canonical":"https:\/\/www.tahsilatlikargo.net\/?page_id=52","og_locale":"tr_TR","og_type":"article","og_title":"Adres","og_description":"Adres : Perpa Ticaret Merkezi B Blok \u015ei\u015fli \/ \u0130STANBUL \u0130leti\u015fim : WhatsApp Destek Hatt\u0131 : 0535 622 47 11 Web : https:\/\/www.tahsilatlikargo.net\/","og_url":"https:\/\/www.tahsilatlikargo.net\/?page_id=52","og_site_name":"Kariyer Kargo","article_modified_time":"2025-10-26T18:34:24+00:00","og_image":[{"width":290,"height":174,"url":"https:\/\/www.tahsilatlikargo.net\/wp-content\/uploads\/2024\/02\/images.jpg","type":"image\/jpeg"}],"twitter_card":"summary_large_image","twitter_misc":{"Tahmini okuma s\u00fcresi":"1 dakika"},"schema":{"@context":"https:\/\/schema.org","@graph":[{"@type":"WebPage","@id":"https:\/\/www.tahsilatlikargo.net\/?page_id=52","url":"https:\/\/www.tahsilatlikargo.net\/?page_id=52","name":"Adres","isPartOf":{"@id":"https:\/\/www.tahsilatlikargo.net\/#website"},"datePublished":"2022-06-20T08:06:55+00:00","dateModified":"2025-10-26T18:34:24+00:00","description":"Adres : Perpa Ticaret Merkezi B Blok \u015ei\u015fli \/ \u0130STANBUL \u0130leti\u015fim : WhatsApp Destek Hatt\u0131 : 0535 622 47 11 Web : https:\/\/www.tahsilatlikargo.net\/","breadcrumb":{"@id":"https:\/\/www.tahsilatlikargo.net\/?page_id=52#breadcrumb"},"inLanguage":"tr","potentialAction":[{"@type":"ReadAction","target":["https:\/\/www.tahsilatlikargo.net\/?page_id=52"]}]},{"@type":"BreadcrumbList","@id":"https:\/\/www.tahsilatlikargo.net\/?page_id=52#breadcrumb","itemListElement":[{"@type":"ListItem","position":1,"name":"Anasayfa","item":"https:\/\/www.tahsilatlikargo.net\/"},{"@type":"ListItem","position":2,"name":"\u0130leti\u015fim"}]},{"@type":"WebSite","@id":"https:\/\/www.tahsilatlikargo.net\/#website","url":"https:\/\/www.tahsilatlikargo.net\/","name":"Arac\u0131 Kargo","description":"Arac\u0131 Kargo  | WhatsApp :( 0535 ) 622 47 11 |","publisher":{"@id":"https:\/\/www.tahsilatlikargo.net\/#organization"},"potentialAction":[{"@type":"SearchAction","target":{"@type":"EntryPoint","urlTemplate":"https:\/\/www.tahsilatlikargo.net\/?s={search_term_string}"},"query-input":{"@type":"PropertyValueSpecification","valueRequired":true,"valueName":"search_term_string"}}],"inLanguage":"tr"},{"@type":"Organization","@id":"https:\/\/www.tahsilatlikargo.net\/#organization","name":"Arac\u0131 Kargo","url":"https:\/\/www.tahsilatlikargo.net\/","logo":{"@type":"ImageObject","inLanguage":"tr","@id":"https:\/\/www.tahsilatlikargo.net\/#\/schema\/logo\/image\/","url":"","contentUrl":"","caption":"Arac\u0131 Kargo"},"image":{"@id":"https:\/\/www.tahsilatlikargo.net\/#\/schema\/logo\/image\/"}}]}},"_links":{"self":[{"href":"https:\/\/www.tahsilatlikargo.net\/index.php?rest_route=\/wp\/v2\/pages\/52","targetHints":{"allow":["GET"]}}],"collection":[{"href":"https:\/\/www.tahsilatlikargo.net\/index.php?rest_route=\/wp\/v2\/pages"}],"about":[{"href":"https:\/\/www.tahsilatlikargo.net\/index.php?rest_route=\/wp\/v2\/types\/page"}],"author":[{"embeddable":true,"href":"https:\/\/www.tahsilatlikargo.net\/index.php?rest_route=\/wp\/v2\/users\/1"}],"replies":[{"embeddable":true,"href":"https:\/\/www.tahsilatlikargo.net\/index.php?rest_route=%2Fwp%2Fv2%2Fcomments&post=52"}],"version-history":[{"count":6,"href":"https:\/\/www.tahsilatlikargo.net\/index.php?rest_route=\/wp\/v2\/pages\/52\/revisions"}],"predecessor-version":[{"id":1094,"href":"https:\/\/www.tahsilatlikargo.net\/index.php?rest_route=\/wp\/v2\/pages\/52\/revisions\/1094"}],"wp:attachment":[{"href":"https:\/\/www.tahsilatlikargo.net\/index.php?rest_route=%2Fwp%2Fv2%2Fmedia&parent=52"}],"curies":[{"name":"wp","href":"https:\/\/api.w.org\/{rel}","templated":true}]}}